 when 45 is divided by o?
21
Suppose 2*x - 5*g - 94 = -0*x, 4*x - 172 = 2*g. Calculate the remainder when x is divided by 22.
20
Let s(j) = -j**3 + 7*j**2 - 4*j + 2. Suppose 3*p - 24 = -p. Calculate the remainder when 26 is divided by s(p).
12
Let r(d) = 2*d**3 + 9*d**2 - 9*d + 6. Let u(s) = -3*s**3 - 18*s**2 + 18*s - 13. Let t(f) = -5*r(f) - 3*u(f). What is the remainder when 2 is divided by t(8)?
0
Suppose 4*b + v - 97 = 0, -4*b + 88 + 21 = -3*v. Let y = -5 + b. Calculate the remainder when y is divided by 7.
6
Suppose 0 = -5*t + 3*r + 10, -4*t + t - 2*r = 13. Let w = -7 + t. Let j = w - -12. Calculate the remainder when 7 is divided by j.
3
Let c = 0 - -2. Suppose 17 - 45 = 4*w. Let u = w + 9. Calculate the remainder when u is divided by c.
0
Suppose s + 4*s = 0. Suppose -4*o = -y - 6, -3*y + 0*y - 2*o + 24 = s. Let a = 19 - y. What is the remainder when 25 is divided by a?
12
What is the remainder when ((-23)/(-4))/((-2)/(-8)) is divided by -5*(4 + (-3)/(30/52))?
5
Suppose 6*u - 89 - 115 = 0. What is the remainder when u is divided by 9?
7
Let q(s) = -s**3 - 5*s**2 + 3*s + 7. Let o be (-1)/2*4 + 4. Suppose -4*a + t = 24, 7*a - o*a + 4*t = -30. What is the remainder when q(a) is divided by 9?
7
Suppose 5*o - 379 = -4*k, -2*o + 7*k = 2*k - 145. Suppose 5*z + 2*b - o = 0, -2*b + 41 = -0*z + 3*z. What is the remainder when z is divided by 10?
7
Suppose y = -3*y + 164. Calculate the remainder when 3/(-12) + y/4 is divided by 4.
2
Let h be 15/(-10)*88/(-6). Suppose h = u + u. Calculate the remainder when 19 is divided by u.
8
Let c(w) = -w**2 - 14*w - 13. What is the remainder when c(-12) is divided by 4?
3
Let k(b) = -b**3 - 16*b**2 + 32. Calculate the remainder when k(-16) is divided by 17.
15
Suppose 2*j = -2*j - 216. Let t = -37 - j. Let q(o) = -o + 3. What is the remainder when t is divided by q(-6)?
8
Suppose 2*j - 34 = 5*v, j + 0*v - 16 = 2*v. Calculate the remainder when 20 is divided by j.
8
Suppose z - 3*z = -6, p + 3*z - 2 = 0. Let i = -15 - p. Let y(o) = -2*o - 11. Calculate the remainder when 8 is divided by y(i).
3
Let z = 41 + -16. Calculate the remainder when 48 is divided by z.
23
Let i(k) = -2*k**3 + k**2 - 2*k. What is the remainder when i(-3) is divided by 18?
15
Calculate the remainder when 9 is divided by (3 - 0)*6/3.
3
Suppose 3 = 4*x - 37. What is the remainder when 36 is divided by x?
6
Suppose -1 = -c, c + 54 = 5*f - 0*c. Suppose 0 = -n - 3*h - 5, 4*h + 12 = 0. Let o = f - n. What is the remainder when 20 is divided by o?
6
Suppose 4*o + 0*o - 136 = 0. What is the remainder when o is divided by 12?
10
Let b(o) = -o**3 - 6*o**2 - 3*o - 6. Let k = 13 + -8. Suppose 0 = k*m + 17 - 187. What is the remainder when m is divided by b(-6)?
10
Let h = -53 - -106. Suppose -7*l + 58 = -3*l - x, 3*l = -4*x + h. Calculate the remainder when l is divided by 6.
3
Let a = -30 - -44. What is the remainder when a is divided by 4?
2
Let p = -2 + 4. Suppose 3*r + p*r - 60 = 0. Suppose -o = -f + 2*o + 29, -4*f - 3*o + 146 = 0. What is the remainder when f is divided by r?
11
Suppose 5*y - 4*u + 127 - 613 = 0, 494 = 5*y + 4*u. Calculate the remainder when y is divided by 20.
18
Suppose -41*v + 36*v = -50. Suppose -4*f - 5*s - 9 = -7*f, -s = 2*f + 7. Let j(r) = -2*r**3 - r. What is the remainder when j(f) is divided by v?
8
Let v(r) = -r - 1. Let h(s) = 12*s + 8. Let q(p) = -h(p) - 6*v(p). Let k be q(8). Let i = k - -76. What is the remainder when i is divided by 14?
12
What is the remainder when (1 + -4)/(-1 - 0) is divided by (8/7 + -2)/((-2)/7)?
0
Suppose 3*u + 36 = 5*y, -6 = -2*u - 0. Calculate the remainder when y is divided by 5.
4
Let t(j) = j**3 + 6*j**2 - 2*j - 5. Let b = -41 + 171. Suppose -l = 4*l - b. What is the remainder when l is divided by t(-6)?
5
Let x be -144*(-4)/(8*-1). Calculate the remainder when (-1)/(-1 - 68/(-70)) is divided by ((-2)/3)/(4/x).
11
Suppose -3*w - 5*j + 218 = 0, -2*w + w + 91 = -2*j. Calculate the remainder when w is divided by 43.
38
Suppose -4*p + 3*p + 1 = 0. Suppose 5*s + 11 = p. Calculate the remainder when 7 is divided by s/(-6)*1*9.
1
Suppose -34*p + 29*p + 305 = 0. Calculate the remainder when p is divided by 16.
13
Let n(v) = -v**2 + 5*v + 31. What is the remainder when n(0) is divided by 16?
15
Suppose 0*r + 5*r + 20 = 0. Let m = 0 - r. Suppose 3*t - 2 = m. Calculate the remainder when t is divided by 2.
0
Let n = -69 + 119. Suppose -5*b + b = -4*i + 132, n = 2*i + 2*b. Suppose -4*p = 10 - 50. Calculate the remainder when i is divided by p.
9
Let q(l) = 4*l**2 + 13*l + 2. What is the remainder when q(-6) is divided by 24?
20
Let c = 18 - -16. Suppose 3*m - c = 2*m - 5*l, -2*m + 2*l = -20. Calculate the remainder when m is divided by (-4)/(1/1 + -2).
2
Suppose 4*a = -4 + 28. Let c(r) = 4*r**2 - 2*r - 1. Let t be c(-1). Suppose -4*o - k + 15 = 0, -12 = -t*o + k - 0. What is the remainder when a is divided by o?
0
Let d(g) = g**2 + 10*g + 8. Let u be 616/(-55) + 2/10. Calculate the remainder when d(u) is divided by 10.
9
What is the remainder when 5/15*639/3 is divided by 9?
8
Suppose 5*f - 50 = 3*d, 2*f + 20 = 4*f + 3*d. Let g = -7 - -10. Suppose -50 = -v - v - 2*h, g = -h. Calculate the remainder when v is divided by f.
8
Suppose -3*l + 13 = 46. What is the remainder when 21 is divided by 2*(-1)/(2/l)?
10
Let m(h) = h**3 - 13*h**2 - 12*h - 13. Calculate the remainder when 29 is divided by m(14).
14
Let o(z) = z**3 + z**2 + 58. Let x be o(0). Suppose x = 4*r + 10. Calculate the remainder when r is divided by 5.
2
Let w = 5 + -3. Let m = 5 - w. Suppose -m*h + h + 12 = 0. What is the remainder when h is divided by 4?
2
Let w = 92 + -61. Suppose 5*o - 146 = -41. Suppose 1 = 2*h - o. What is the remainder when w is divided by h?
9
Suppose 2*r - 4 = -0. Calculate the remainder when 440/28 - r/(-7) is divided by 9.
7
Let k be (-176)/(-10) + 6/15. Suppose -c - g + 47 = 0, 5*g + 48 = 2*c - k. Calculate the remainder when c is divided by 15.
13
Let l = -3 + 14. Calculate the remainder when 10/(1/(-2 + 4)) is divided by l.
9
Let g be -1 + 2*(-2)/(-4). What is the remainder when 6 is divided by ((-2)/3 + g)*-6?
2
What is the remainder when 34 is divided by (5/(-15))/((-1)/18)?
4
Calculate the remainder when (-7 - -13)/((-6)/(-32)) is divided by 11.
10
Let n(q) = -6*q + 3 - 6 - 4*q. What is the remainder when n(-3) is divided by 14?
13
Suppose 0 = 4*z + 3 + 1. Let o be z/(-2) - (-15)/2. Suppose 2*m + o = -0, 0 = -w + 3*m + 29. Calculate the remainder when 49 is divided by w.
15
Suppose 8*w - 9*w - 4*y = -23, -5*w - 3*y + 64 = 0. What is the remainder when w is divided by 3?
2
Suppose 4*j = -0*j + 32. Let v = -7 - -6. Let r = 6 + v. What is the remainder when j is divided by r?
3
Suppose 3*l - 240 = -l. Suppose 9*a - l = 4*a. What is the remainder when 46 is divided by a?
10
Let f(u) = 3 - 1 - u - 4. Let r be f(-5). Suppose r*g - 6 = 18. What is the remainder when 14 is divided by g?
6
Suppose 83 = 5*a - 102. Let f be -2*2 - (-4 + 5). Let j = 18 + f. Calculate the remainder when a is divided by j.
11
Suppose 0 = -5*a - 5, -4*i + 121 = i + 4*a. Calculate the remainder when i is divided by 9.
7
Let d(p) = p**3 + 2*p**2 - 4*p + 2. Let m(v) = v**3 - v**2 - v. Let q be m(0). Suppose 5*z - 63 - 27 = q. What is the remainder when z is divided by d(2)?
8
Suppose -24 = 3*z - 0*z. Let l(b) = b**2 + 3*b + 2. Calculate the remainder when l(4) is divided by (-168)/(-20) + z/20.
6
Let k be ((-3)/6)/(1/(-202)). Suppose k = 3*w - c - 3*c, 96 = 3*w - 3*c. Let x = 33 - 18. Calculate the remainder when w is divided by x.
12
Calculate the remainder when 38 is divided by (3 + 1)*(-3 - (-44)/8).
8
What is the remainder when ((-13)/39)/((-2)/126) is divided by 6?
3
What is the remainder when 2/(-8) + 45/4 is divided by (0 + -1)/((-2)/8)?
3
Let a(m) = 2*m + 3. What is the remainder when 4 is divided by a(0)?
1
Let i = 25 + -21. Suppose -3*g + 2*s + 0*s = -15, -4*g + 9 = s. Let m = 10 + g. Calculate the remainder when m is divided by i.
1
Suppose 0*z = -4*z + 200. Calculate the remainder when z is divided by 17.
16
Let v be (9/2)/(4/(-8)). Let t(k) = -k - 3. What is the remainder when t(v) is divided by 2?
0
Suppose -4*g - 28 = 4. Let d = g + 19. Let x = 18 - d. What is the remainder when 13 is divided by x?
6
Suppose -p + 9 = -